Let c be ((-10)/5 + (0 - -7))*a. Calculate the highest common divisor of c and 45.
5
Suppose -15*r + 3724 = 4*r. Suppose 4*i - 221 = 5*y, -3*i + 2*y - 32 = -r. What is the greatest common divisor of i and 36?
18
Suppose 0 = h + 3*g - 249, -5*h + 755 = -2*h + g. Suppose -6*w + 2*w = -h. Let f = -38 + w. What is the greatest common factor of f and 25?
25
Suppose -632 = 17*m - 972. What is the highest common divisor of m and 340?
20
Let j be (52/10)/(5/(-75)*-3). Suppose -j*n + 17*n + 1215 = 0. Calculate the greatest common divisor of 15 and n.
15
Let j = 10425 + -10107. What is the greatest common divisor of 3 and j?
3
Suppose 96 = 19*r - 284. Let c be (21 - r) + 55 + -2. What is the highest common factor of c and 6?
6
Let d be (-306)/(-24)*4*(8 + 1). What is the highest common divisor of d and 297?
27
Suppose 32*x + 7100 = 17276. What is the greatest common factor of x and 1802?
106
Let l = -118 - -120. Let r be 17412/34 + l/(-17). Calculate the highest common divisor of r and 32.
32
Let l = 4777 - 4774. Suppose 8*k = 3*k + 120. What is the highest common factor of l and k?
3
Let i = 1102 - 543. Let w = 5264 - 5221. What is the greatest common divisor of i and w?
43
Let j be 3306/10 - 6/10. Suppose 4*w = -y + 327, -8*w + 4*w - 2*y + j = 0. Calculate the highest common divisor of 18 and w.
9
Let x be 14/(-399)*3 - 1704/57. Let l be (12 + 372/(-30))/(1/x). Suppose -7 = -t + 5. What is the highest common factor of l and t?
12
Let d be 2 - (108 + 10) - 6. Let l be 235 + 1 - (2 + 0). Let o = l + d. What is the highest common divisor of 16 and o?
16
Suppose -3*r + 12 = -9*t + 12*t, -4*r + 4*t = 0. Let v be r/20 - (-621)/90. Calculate the highest common divisor of v and 7.
7
Let d be ((-9)/6)/(33/(-6) + 5). Let f(r) = 9*r - 21. Let h be f(d). Suppose 20 + 112 = 2*u. What is the greatest common divisor of u and h?
6
Let c = -89 + 66. Let j be (-100)/8*(c + 9). Calculate the highest common factor of j and 70.
35
Let l(u) = 440*u**3 - 20*u**2 + 22*u + 20. Let s be l(4). Calculate the highest common factor of 204 and s.
204
Let s = 43 - 39. Let p be s - (0/(-1) + 3). Let g be 3/((p/(-12))/(-1)). What is the greatest common factor of 12 and g?
12
Suppose -588 = -3*k - 0*k. Let p(c) = 212*c + 51740. Let m be p(-244). What is the greatest common factor of k and m?
4
Let a(l) = 4*l**2 - 181. Let g be a(7). Let m be (0 - -1)*-1 - -136. What is the greatest common divisor of m and g?
15
Let i = 503 - 538. Let p be ((-480)/i)/((-4)/(-14)). What is the highest common factor of 18 and p?
6
Suppose -m - 4*w + 2*w + 38 = 8, 0 = 2*w. Let t = 458 - 268. What is the greatest common divisor of m and t?
10
Suppose 19*z + 60*z - 24822 = 2433. What is the greatest common divisor of 5727 and z?
69
Let h = -31 + -19. Let r be h/14 - 6/14. Let z be (r*135/(-50))/((-6)/(-40)). What is the highest common divisor of z and 36?
36
Let x(f) = f**3 + 7*f**2 + f - 1. Suppose 0 = -4*c - 15 - 5. Let s be x(c). Suppose -14*r + 15*r = 66. Calculate the greatest common divisor of r and s.
22
Suppose c + 2 = 5*u, 2*c - c - 10 = 2*u. Let i be ((-3)/(-4))/((-3)/(-216) - 0). Suppose -i*v = -47*v - 504. What is the highest common factor of c and v?
18
Let r(w) be the third derivative of -w**6/30 - w**5/4 + w**4/8 + w**3/2 - 158*w**2. Let a be r(-4). What is the highest common factor of a and 77?
7
Let g be (6 + -4)/(((-4)/10)/(-2)). Let q be (2 + (-25)/g)*-10. Let s = 23 + q. Calculate the highest common factor of 8 and s.
4
Let x = 241 - 193. Let d be 112/2*(-32)/(-112). What is the greatest common divisor of d and x?
16
Let u be 315/(-14)*(-3 + -2 + 1). Let r be u/40*128/6. Calculate the highest common divisor of r and 216.
24
Suppose 416*t - 8918 = -2*z + 419*t, 12 = -2*t. What is the greatest common factor of 534 and z?
178
Let r(a) = -388*a + 4283. Let v be r(6). Calculate the highest common factor of 805 and v.
115
Suppose g + 3*d - 9 = d, -3 = -d. Suppose -2*p + 285 = g*p. Let i = -42 + p. What is the greatest common factor of 120 and i?
15
Let p = -39 + -12. Let f = p - -58. Suppose s - f = -3*v, -5*s - 2*v + v = -63. What is the highest common factor of s and 13?
13
Let q = 9 - 6. Suppose q*h = 4*h - 16. Let a(d) = 194*d - 386. Let w be a(2). Calculate the highest common divisor of h and w.
2
Let p(y) = -y**2 - 17*y + 8. Let c be ((-68)/(-6))/((-18)/27). Let v be p(c). Let n = -1 + 17. Calculate the highest common divisor of v and n.
8
Suppose 24712 = 194*c + 1820. Calculate the highest common divisor of 20 and c.
2
Let o = 32198 - 32156. Calculate the highest common factor of 12453 and o.
21
Let i = 89 - 61. Let v be 2/(0 + 8/i). Suppose 20 = 5*j, 5*h - 2*j + v*j = 955. What is the highest common factor of h and 17?
17
Suppose -4*d - 189 = 5*d. Let r be 3792/21 + 4 + (-9)/d. What is the highest common divisor of r and 5?
5
Suppose -3*r + 67 + 60 = 4*x, 0 = 2*r - 10. Suppose 2*k = -11*k + 2210. Let i be k/45 - 4/(-18). Calculate the highest common divisor of x and i.
4
Let r be (-1554)/(-10) + (-2)/5. Let v(l) = 2*l**2 - 15*l - 469. Let k be v(20). What is the greatest common factor of r and k?
31
Let g be (-9)/((-225)/10) + (-77)/5. Let a = g + 20. Suppose 0 = -y + z + 58, -z + 56 + 210 = a*y. What is the highest common divisor of 18 and y?
18
Let x(l) = 31 - 1 + 0 + 7*l. Let z = 1779 + -1783. Let q be x(z). Calculate the greatest common factor of q and 6.
2
Let d(r) = r**3 + 24*r**2 + 144*r + 73. Let k be d(-13). Calculate the highest common divisor of k and 426.
6
Suppose 4*t = 7*z - 3*z - 36, -2*t - z = 12. Let g be t/(21/(-60)) - 2. Suppose -5*c + g = -17. What is the highest common factor of c and 21?
7
Let n(z) = -2*z**2 - z - 2. Let v be n(2). Let y be (24/15)/(v/90). Let c be 38 + (-4)/y*0. Calculate the greatest common divisor of c and 114.
38
Suppose 2*t + 222*i - 221*i - 2927 = 0, 4*i = 4*t - 5848. What is the highest common factor of t and 2717?
209
Let d be (-3)/8 - (-2 - (-189)/(-56)). Suppose -1202 = -d*x - 2*s, -2*x - 144 = -4*s - 620. Calculate the greatest common factor of 144 and x.
48
Let o(l) = -l**2 + 28*l - 3. Let i be o(25). Suppose 7452 = 11*d + 20*d - 8*d. Calculate the greatest common factor of d and i.
36
Let t be (-84)/14 + 201/(4/(-12)*-3). Calculate the greatest common factor of 75 and t.
15
Suppose 11*s - 463 - 527 = 0. What is the greatest common divisor of 2490 and s?
30
Suppose 42*a + 1565 = 1986 + 3569. Calculate the greatest common factor of 152 and a.
19
Suppose 2*b - 11 = -3*f, 3*b - 2*f = -4*f + 29. Let s be (-26)/(-6) - 3/9. Suppose -7*z - s*z = -1001. What is the highest common divisor of b and z?
13
Let s be 4 + 0 - (-7)/((-14)/32). Let p be (s/5)/(3/(-15)). Let u(q) = -q**3 + 8*q**2 - 2*q - 12. Let o be u(6). What is the highest common factor of p and o?
12
Suppose 57 - 11 = 2*k - 4*l, 4*k = -3*l + 103. Let d = -25 + k. Suppose -7*m + 39 + 17 = d. What is the greatest common divisor of m and 24?
8
Suppose -11 = -5*p + 24. Let d be -1 - (-6 + 1 - p). Let n(w) = -w + 5. Let q be n(4). Calculate the highest common factor of q and d.
1
Let r = 175 - 4. Suppose -22864 + 22810 = -6*o. What is the highest common factor of o and r?
9
Let l(u) = 48*u**2 + 2*u + 11. Let r be l(-3). What is the greatest common factor of r and 46?
23
Let h be (-54)/3*24/(-9). Let d = 318 + -459. Let x = -125 - d. What is the highest common factor of h and x?
16
Suppose 25 + 8 = 11*z. Suppose -z*c - 525 = -5*p - c, -p + 5*c + 105 = 0. Suppose a - 3 - 4 = 0. What is the greatest common factor of p and a?
7
Suppose 6*s - 395 = s. Let b = -55 + s. Suppose -f + 5*g = -2, -34*g = 5*f - 35*g - 58. What is the greatest common divisor of b and f?
12
Suppose -u - 4*v = -43, 5*u - 2*u = v + 77. Let o = 239 + -194. What is the greatest common factor of u and o?
9
Let h(s) be the third derivative of -3*s**4/2 - s**3/2 - 60*s**2. Let i be h(-1). Calculate the greatest common factor of 11 and i.
11
Let g(b) = 18*b**2 + 68*b + 432. Let c be g(-6). Calculate the highest common factor of 2100 and c.
84
Suppose 150 + 326 = -17*j. Let m be ((-176)/j)/((-2)/(-35)). What is the highest common divisor of 10 and m?
10
Let f be 1/(70/(-616))*-5. What is the greatest common divisor of f and 3014?
22
Let u(v) = -v**3 - 12*v**2 + 18*v - 20. Let s be u(-15). Suppose 93 = g - 0*j + 3*j, j = 5*